6*z + 2. Suppose 0 = 14*p - 9*p. Suppose 3*q + 3 = -p. Let d be (-8 + q)/(3/2). Give w(d).
2
Let x(h) = -h**3 + 24*h**2 + 23*h + 42. Let g be x(25). Let r(v) = 3*v - 11. Let b(q) = 4*q - 17. Let j(y) = 5*b(y) - 7*r(y). Determine j(g).
0
Let q(w) = 67*w**2 - 3*w + 1 + 6 - 5 - 66*w**2. What is q(5)?
12
Let f(d) = -d**3 + 2*d**2 + 35. Let l be f(4). Let x(h) = -3*h**2 + 5*h - 2. Determine x(l).
-14
Let d(a) be the first derivative of a**3/3 - 9*a**2/2 - 6*a + 10. Let r = -5 - -14. Calculate d(r).
-6
Let k(b) = 8. Let z(w) = -3*w. Let h(y) = k(y) + 2*z(y). Calculate h(-7).
50
Let m(t) = t**3 + 4*t**2 - 4*t + 6. Suppose 3 = -4*o - 17, 5*d - 4*o = -285. Let x = d - -56. Calculate m(x).
1
Let m(t) = -t**2 - 4*t - 2. Suppose -5*b + 15 = -2*b. Suppose -3 - 7 = b*g. Let d be m(g). Let f(a) = a - 1. Give f(d).
1
Let i = -11 - -17. Let g(k) = 35*k + 7. Let b(j) = 93*j + 20. Let l(f) = 3*b(f) - 8*g(f). What is l(i)?
-2
Suppose 0 = 9*d - 11*d - 3*k - 16, 4*d + 5*k + 30 = 0. Let n(i) = i**2 - i - 3. What is n(d)?
27
Let x(g) be the second derivative of -g**5/60 - 3*g**4/8 - 5*g**3/6 + 7*g**2 + 13*g. Let o(m) be the first derivative of x(m). Give o(-6).
13
Let y(b) be the first derivative of -b**2/2 - 3*b + 8. Determine y(8).
-11
Let v(p) = -p**2 + 2. Let n = -3 + 6. Suppose -5*o - 2*y = -n*y + 5, -2*y + 10 = 3*o. Suppose -2*h - h = o. What is v(h)?
2
Let i(u) = u + 2. Let s = 27 - 24. Suppose 0 = -s*j + 4 + 2. Suppose 0 = -3*l - 4 - j. Determine i(l).
0
Let v(m) = -m**2 + m + 8. Suppose -3*k = -k - 4*n + 76, 0 = -4*k - 3*n - 119. Let c = 32 + k. What is v(c)?
8
Let o(s) = s + 11. Let u = -455 + 447. Calculate o(u).
3
Let q(s) = 3*s + 1. Let j(b) = 10*b + 7. Let o(r) = -j(r) + 3*q(r). What is o(-5)?
1
Let k be -1 - -3*4/6. Let x(p) = 2*p**3 + p**2 - 1. Let c be x(k). Let m(v) = 2*v**3 - 4 - v - 2 + 5 - v**3 - 2*v**2. Calculate m(c).
-3
Suppose -4*a + 63 = -1. Suppose -3*c = c - a. Let b(d) = -3 - d + 2*d + 1. Calculate b(c).
2
Let z(k) = -k - 36. Let i be z(-37). Let c(x) = -14*x**3. Determine c(i).
-14
Let u(t) = t**3 + 9*t**2 + 7*t - 10. Suppose -6*b + 18*b = -96. Calculate u(b).
-2
Let z(y) = -3*y**2 + 4*y - 4. Let s(w) = 8*w**2 + 20 + 47*w - 66*w + 3*w**2 + 5*w**2. Let l(m) = -2*s(m) - 11*z(m). Determine l(3).
-5
Let r(l) = l**2 + 9*l + 1. Let k(c) = c**2 + 10*c + 1. Let s(n) = -3*k(n) + 4*r(n). Let j(u) be the first derivative of s(u). Determine j(-4).
-2
Let r(n) = 14*n + 39. Let i(v) = -36*v - 79. Let j(s) = -2*i(s) - 5*r(s). Give j(16).
-5
Let h(s) = s - 3. Let w(u) = 2*u - 5. Let j(v) = -5*h(v) + 3*w(v). Let i(a) = -2*a + 8. Let p(n) = -i(n) - 5*j(n). Give p(-7).
13
Let n(q) be the third derivative of 0*q + 5/12*q**4 + 0 + 16*q**2 - 1/60*q**5 - 11/6*q**3. Calculate n(8).
5
Let r(d) be the second derivative of 9*d + 0 - 1/6*d**3 + 3/2*d**2. Let j be (1 - -1)*3/2. Give r(j).
0
Let m(n) be the first derivative of n**4/4 + 2*n**3 + n**2 + 546. Give m(-6).
-12
Let s = -720 - -721. Let t(i) = 11*i**3 - 2*i**2 + 2*i - 1. Calculate t(s).
10
Let p(c) = -c**2 - 7*c + 2. Suppose -6 = m - 2*f, 2*m = -m + 3*f - 3. Let b(g) = -2*g**2 - 20*g + 6. Let n(i) = m*b(i) - 11*p(i). Give n(2).
8
Let m be ((-2)/4)/((-7)/(-70)). Let b(i) = i**3 - i + 1. Let r(u) = 2*u**3 - 5*u**2 - 5*u + 7. Let j(y) = 3*b(y) - r(y). Calculate j(m).
-14
Suppose -7*m + 8*m - 4*o + 28 = 0, 3*m + 34 = 2*o. Let b(c) = -c**2 - 4*c + 35. Give b(m).
3
Let a(f) = f**2 + 8*f + 1. Let h be (-15 + 14)/(1/(-9)). Suppose -2*x + h = 25. Determine a(x).
1
Let h be 3*((-48)/(-9) + -7). Let v(c) = -c - 2. What is v(h)?
3
Let s(d) = d**3 - 8*d**2 + 8*d - 6. Let t be s(7). Suppose 6*v = 122 + 46. Let p(b) = 2*b - v + 52 - 25. Determine p(t).
1
Suppose -4*b - b = -5*z - 35, 13 = 4*b + z. Let i(s) = -s + 4. Let x(f) = -f + 5. Let w(d) = -3*i(d) + 2*x(d). What is w(b)?
2
Let g(o) = 9*o**3 - 15*o**2 + 37*o - 16. Let d(h) = 2*h**3 - 3*h**2 + 7*h - 3. Let q(s) = 11*d(s) - 2*g(s). Give q(2).
25
Let h(l) = l**3 + 3*l**2 - 2*l + 4. Suppose 0 = -2*v - 2*v + 96. Suppose -v = 6*m - 6. Calculate h(m).
10
Let j(v) be the third derivative of -v**5/60 - v**4/8 + v**3/6 - v**2 + 448*v. What is j(0)?
1
Let y(h) = 40 - 35*h - 23*h - 31*h + 5*h**2 - 4*h**2 + 75*h. What is y(11)?
7
Let q(o) = 2*o + 2. Suppose 0 = 2*l - r - 19, -5*l - 3*r = -4*r - 52. Suppose -4*g + l = k, 0 = 5*g - k - 3 - 13. What is q(g)?
8
Let g(p) = 2*p**2 + 6*p + 4. Suppose -41 = -3*d + 73. Let u be ((-30)/75)/(2 + d/(-20)). Give g(u).
12
Let y(a) = a**2 + 6*a + 4. Let j = 186 - 189. Determine y(j).
-5
Let p(y) = y**3 - 3*y**2 - 4*y + 4. Let u be p(4). Let m(k) = 6*k + 10*k**2 - 3 + 2 - 11*k**2 - 2. What is m(u)?
5
Let r(c) = 10*c**3 - 8*c**2 + 22*c + 10. Let t(d) = -9*d**3 + 7*d**2 - 19*d - 9. Let m(j) = 6*r(j) + 7*t(j). What is m(-2)?
27
Let w be (4*(-5)/(-25))/(6/15). Let o(v) = -v**3 + 8*v**3 - 7*v**3 + 4*v + 3*v**w + 5 - v**3. Suppose -3*y - 16 = -4*s, -3 = -s - 4*y + 1. What is o(s)?
5
Let l be 0/(0 + 3) - (-2 - 0). Let v be l + 3 + (-30)/3. Let k(g) = g**3 + 7*g**2 + 6*g - 5. Determine k(v).
15
Let y = 1868 - 1881. Let t(i) = -i**3 - 14*i**2 - 10*i - 13. Calculate t(y).
-52
Let t(s) be the first derivative of s**4/4 + 2*s + 41. Suppose 2*i = -4*u - 8, 0*i - 4 = 3*u + i. Give t(u).
2
Let r(h) = h**3 - 6*h**2 - h. Suppose 39 - 273 = 18*x. Let i = -9 + 2. Let y = i - x. Give r(y).
-6
Let m(d) be the second derivative of -1/6*d**4 + 0 + 1/20*d**5 + 1/2*d**2 + 0*d**3 + 28*d. Determine m(-1).
-2
Let t(h) be the first derivative of -7*h**2/2 + 2*h + 199. Determine t(-3).
23
Let p(r) = -r**2 - r - 9. Let u(t) = t**2 + 2*t + 10. Let w(d) = 7*p(d) + 6*u(d). Calculate w(4).
1
Let j(u) = u**3 - 3*u**2 - 14*u - 4. Let d(s) = 2*s**3 - 7*s**2 - 27*s - 8. Let p(y) = -6*d(y) + 11*j(y). Calculate p(10).
-16
Let x = 1 + 1. Let j = 22 + -16. Let l(r) = -r - 3*r + x + j*r + r. Calculate l(-4).
-10
Let h(l) = -l + 5. Suppose 4*m = -0*s + s - 8, 2*s + 2*m = -4. Let k be s + -2 + (-7 - (-20)/5). Determine h(k).
10
Let w(c) = -c + 3. Let l(f) = -2*f + 7. Let q = 32 - 25. Let u(k) = q*w(k) - 4*l(k). Give u(6).
-1
Let g(d) = -d**3 - 9*d**2 + 10*d - 7. Let p = 95 + -65. Suppose 0 = f + 2*f + p. What is g(f)?
-7
Let m(t) = t**2 + 0*t - 3*t + 2 - t. Suppose -2*n = 2*u - 46, 0 = 2*u + 2*n + n - 45. Suppose -4*p = 2*p - u. What is m(p)?
2
Let w(l) = -1. Let p(y) = y**2 + 2*y - 5. Let n be 3/4*(3 - 11). Let o(t) = n*w(t) + p(t). Calculate o(-1).
0
Suppose 0 = -4041*s + 4126*s + 510. Let d(x) be the third derivative of x**4/24 - 7*x**3/6 + x**2. What is d(s)?
-13
Let r(k) be the second derivative of k**4/24 - 7*k**3/6 - 9*k**2/2 + 14*k. Let y(u) be the first derivative of r(u). What is y(7)?
0
Let l(h) be the third derivative of -h**4/8 + h**3/6 + 141*h**2 - 1. Let r(t) = -t - 2. Let d be r(0). Let w be (-5 - d)/((-3)/2). Give l(w).
-5
Let r(p) = -56*p + 123. Let a(m) = 10*m - 25. Let t(c) = 11*a(c) + 2*r(c). Give t(-13).
-3
Let r(u) = -u**3 - 8*u**2 - 9*u - 7. Let p be ((-168)/60)/(4/10). Calculate r(p).
7
Let i be 4 - 36/(12 + -3). Let j(o) = o**3 - o - 29. Calculate j(i).
-29
Let m = -292 + 302. Let s(v) = v**2 - 8*v - 13. Give s(m).
7
Let y = -26 + 29. Let d(s) = -13*s - 15. Let v(x) = 6*x + 7. Let o(z) = y*d(z) + 7*v(z). Determine o(-4).
-8
Let c(y) = -4*y**3 - 2*y**2 - 4*y - 1. Let x(p) = 7*p**3 + 6*p**2 + 8*p + 1. Let w(m) = -5*c(m) - 3*x(m). Determine w(-7).
-19
Let f(g) be the second derivative of 0 + 1/2*g**2 + 26*g + 2/3*g**3. Give f(2).
9
Let j(w) = -w**2 + 6*w - 2. Let q(l) = -4*l + 1. Let o(h) = -3*j(h) - 5*q(h). Calculate o(2).
17
Let t(q) = 10*q**2 - 8*q + 6. Let r(o) = -11*o**2 + 9*o - 7. Let f(s) = -6*r(s) - 7*t(s). Suppose -v - b + 14 = 3*b, -2*b = -v - 4. Give f(v).
-12
Let d be 17 + -15 + 18*(-3)/2. Let f(l) = -l**3 - 26*l**2 - 27*l - 45. Calculate f(d).
5
Let m(w) be the second derivative of -w**6/720 - 3*w**5/40 - w**4/6 - 6*w. Let p(u) be the third derivative of m(u). Calculate p(-7).
-2
Let u(m) be the first derivative of -m**2/2 + 14*m - 68. Give u(17).
-3
Let l(t) = -3*t**3 + 3*t**2 - 5*t - 3. Let v(x) = -x**3 - x**2. Let s(z) = -l(z) + 2*v(z). Let q be s(4). Let c(n) = -n**3 + 8*n**2 - 7*n + 2. Calculate c(q).
2
Let h = -184 - -195. Let l(r) = 4*r + 4. Let c(t) = -7*t - 7. Let u(v) = 3*c(v) + 5*l(v). Let y(d) = -3*d - 3. Let x(b) = h*u(b) - 4*y(b). What 